{"id":33,"date":"2022-01-19T19:05:26","date_gmt":"2022-01-19T18:05:26","guid":{"rendered":"https:\/\/www.lamarchedubois.fr\/?page_id=33"},"modified":"2025-10-06T14:17:40","modified_gmt":"2025-10-06T12:17:40","slug":"stages-de-creation-bois","status":"publish","type":"page","link":"https:\/\/www.lamarchedubois.fr\/?page_id=33","title":{"rendered":"Stages de cr\u00e9ation bois"},"content":{"rendered":"\n<p>Lors de ce stage vous apprendrez  :<\/p>\n\n\n\n<ul class=\"wp-block-list\">\n<li>Les gestes du tournage et comment utiliser les outils en toute s\u00e9curit\u00e9 (d\u00e9couverte ou perfectionnement).<\/li>\n\n\n\n<li>Reconnaitre diff\u00e9rentes essences de bois, comment les r\u00e9cup\u00e9rer, les stocker et les faire s\u00e9cher.<\/li>\n\n\n\n<li>Comment se procurer du mat\u00e9riel ensuite si vous souhaitez continuer de tourner, de mani\u00e8re adapt\u00e9e \u00e0 vos besoins<\/li>\n\n\n\n<li>Cr\u00e9er des objets de formes simples et complexes<\/li>\n\n\n\n<li>Vous repartirez avec vos cr\u00e9ations (toupies, bols, cuill\u00e8res \u00e0 miel, pommes, bougeoirs&#8230;)<\/li>\n<\/ul>\n\n\n\n<h3 class=\"wp-block-heading\">Fournitures ou demandes particuli\u00e8res<\/h3>\n\n\n\n<p>Le bois, les outils ainsi que les \u00e9l\u00e9ments de protection sont fournis, hormis les chaussures de s\u00e9curit\u00e9 (<em>lunettes de&nbsp;s\u00e9curit\u00e9 , masque<\/em> \u00e0 poussi\u00e8re, gants).<br>Pour toute demande de technique particuli\u00e8re ou de perfectionnement, contactez-moi. Nous adapterons l&rsquo;atelier.<\/p>\n\n\n\n<h3 class=\"wp-block-heading\">Tarifs<\/h3>\n\n\n\n<p>80\u20ac la demi journ\u00e9e, 150\u20ac par jour et 120\u20ac par jour suppl\u00e9mentaire. <br><em>De 9h \u00e0 17h avec repas partag\u00e9 le midi.<\/em><\/p>\n\n\n\n<figure class=\"wp-block-gallery has-nested-images columns-default is-cropped wp-block-gallery-1 is-layout-flex wp-block-gallery-is-layout-flex\">\n<figure class=\"wp-block-image size-large\"><img fetchpriority=\"high\" decoding=\"async\" width=\"6000\" height=\"4000\" data-id=\"142\" src=\"https:\/\/www.lamarchedubois.fr\/wp-content\/uploads\/2022\/01\/tourabois.jpg\" alt=\"\" class=\"wp-image-142\"\/><figcaption class=\"wp-element-caption\">Stage de Tour \u00e0 Bois<\/figcaption><\/figure>\n\n\n\n<figure class=\"wp-block-image size-large\"><img decoding=\"async\" width=\"3024\" height=\"4032\" data-id=\"143\" src=\"https:\/\/www.lamarchedubois.fr\/wp-content\/uploads\/2022\/01\/gouges.jpg\" alt=\"\" class=\"wp-image-143\"\/><\/figure>\n\n\n\n<figure class=\"wp-block-image size-large\"><img decoding=\"async\" width=\"6000\" height=\"4000\" data-id=\"144\" src=\"https:\/\/www.lamarchedubois.fr\/wp-content\/uploads\/2022\/01\/stage.jpg\" alt=\"\" class=\"wp-image-144\"\/><\/figure>\n<\/figure>\n\n\n\n<h2 class=\"wp-block-heading\">Avis &amp; Commentaires<\/h2>\n\n\n<div class=\"glsr glsr-default\" id=\"glsr_fdbf9c74\" data-from=\"block\" data-shortcode=\"site_reviews\" data-assigned_posts=\"33\"><div class=\"glsr-reviews-wrap\">\n    <div class=\"glsr-reviews\">\n        <p class=\"glsr-no-margins\">Aucun avis n\u2019a \u00e9t\u00e9 donn\u00e9 pour le moment. Soyez le premier \u00e0 en \u00e9crire un.<\/p>\n    <\/div>\n    \n<\/div><\/div>\n\n\n<h2 class=\"wp-block-heading\">Publier un avis<\/h2>\n\n\n<div class=\"glsr glsr-default\" id=\"glsr_05813ea4\" data-from=\"block\" data-shortcode=\"site_reviews_form\"><div class=\"glsr-form-wrap\">\n    <form class=\"glsr-review-form glsr-form\" method=\"post\" enctype=\"multipart\/form-data\">\n        <input type=\"hidden\" name=\"site-reviews[_action]\" value=\"submit-review\" \/>\n<input type=\"hidden\" name=\"site-reviews[_nonce]\" value=\"ce8d54f5ed\" \/>\n<input type=\"hidden\" name=\"site-reviews[_post_id]\" value=\"33\" \/>\n<input type=\"hidden\" name=\"site-reviews[_referer]\" value=\"\" \/>\n<input type=\"hidden\" name=\"site-reviews[assigned_posts]\" value=\"\" \/>\n<input type=\"hidden\" name=\"site-reviews[assigned_terms]\" value=\"\" \/>\n<input type=\"hidden\" name=\"site-reviews[assigned_users]\" value=\"\" \/>\n<input type=\"hidden\" name=\"site-reviews[excluded]\" value=\"AxcEzYtqTniZ6FUDKKqGRw\" \/>\n<input type=\"hidden\" name=\"site-reviews[form_id]\" value=\"glsr_05813ea4\" \/>\n<input type=\"hidden\" name=\"site-reviews[terms_exist]\" value=\"1\" \/>\n<div class=\"glsr-field\" style=\"display:none;\"><label for=\"site-reviews-726a43b2-glsr_05813ea4\">Votre avis<\/label><input type=\"text\" class=\"glsr-input glsr-input-text\" id=\"site-reviews-726a43b2-glsr_05813ea4\" name=\"site-reviews[726a43b2]\" value=\"\" \/><\/div>\n<div class=\"glsr-field glsr-field-rating glsr-required\" data-field=\"rating\">\n    <label class=\"glsr-label\" for=\"glsr_05813ea4-rating\">\n    <span>Votre note globale<\/span>\n<\/label>\n    \n    <select class=\"browser-default no_wrap no-wrap glsr-select\" id=\"glsr_05813ea4-rating\" name=\"site-reviews[rating]\" required><option value=\"\">S\u00e9lectionnez une note<\/option><option value=\"5\">5 \u00e9toiles<\/option><option value=\"4\">4 \u00e9toiles<\/option><option value=\"3\">3 \u00e9toiles<\/option><option value=\"2\">2 \u00e9toiles<\/option><option value=\"1\">1 \u00e9toile<\/option><\/select>\n    <div class=\"glsr-field-error\"><\/div>\n<\/div>\n<div class=\"glsr-field glsr-field-text glsr-required\" data-field=\"title\">\n    <label class=\"glsr-label\" for=\"glsr_05813ea4-title\">\n    <span>Titre de votre avis<\/span>\n<\/label>\n    \n    <input type=\"text\" class=\"glsr-input glsr-input-text\" id=\"glsr_05813ea4-title\" name=\"site-reviews[title]\" required placeholder=\"R\u00e9sumez votre avis ou mettez en \u00e9vidence un d\u00e9tail int\u00e9ressant\" value=\"\" \/>\n    <div class=\"glsr-field-error\"><\/div>\n<\/div>\n<div class=\"glsr-field glsr-field-textarea glsr-required\" data-field=\"content\">\n    <label class=\"glsr-label\" for=\"glsr_05813ea4-content\">\n    <span>Votre avis<\/span>\n<\/label>\n    \n    <textarea class=\"glsr-textarea\" id=\"glsr_05813ea4-content\" name=\"site-reviews[content]\" required placeholder=\"Donnez votre avis\" rows=\"5\"><\/textarea>\n    <div class=\"glsr-field-error\"><\/div>\n<\/div>\n<div class=\"glsr-field glsr-field-text glsr-required\" data-field=\"name\">\n    <label class=\"glsr-label\" for=\"glsr_05813ea4-name\">\n    <span>Votre nom<\/span>\n<\/label>\n    \n    <input type=\"text\" class=\"glsr-input glsr-input-text\" id=\"glsr_05813ea4-name\" name=\"site-reviews[name]\" required placeholder=\"Donnez votre nom\" value=\"\" \/>\n    <div class=\"glsr-field-error\"><\/div>\n<\/div>\n<div class=\"glsr-field glsr-field-email glsr-required\" data-field=\"email\">\n    <label class=\"glsr-label\" for=\"glsr_05813ea4-email\">\n    <span>Votre e-mail<\/span>\n<\/label>\n    \n    <input type=\"email\" class=\"glsr-input glsr-input-email\" id=\"glsr_05813ea4-email\" name=\"site-reviews[email]\" required placeholder=\"Donnez votre e-mail\" value=\"\" \/>\n    <div class=\"glsr-field-error\"><\/div>\n<\/div>\n<div class=\"glsr-field glsr-field-choice glsr-required\" data-field=\"terms\">\n    \n    \n    <span class=\"glsr-field-toggle\">\n    <span class=\"glsr-toggle\">\n        <label for=\"glsr_05813ea4-terms-1\">Cette note est fond\u00e9e sur ma propre exp\u00e9rience et mon v\u00e9ritable avis.<\/label>\n        <span class=\"glsr-toggle-switch\">\n            <input type=\"checkbox\" id=\"glsr_05813ea4-terms-1\" name=\"site-reviews[terms]\" required value=\"1\" \/> &#8203; <!-- zero-space character used for alignment -->\n            <span class=\"glsr-toggle-track\"><\/span>\n        <\/span>\n    <\/span>\n<\/span>\n    <div class=\"glsr-field-error\"><\/div>\n<\/div>\n        <div class=\"glsr-form-message\">\n    \n<\/div>\n        <div data-field=\"submit-button\">\n    <div class=\"wp-block-button\">\n        <button type=\"submit\" class=\"glsr-button wp-block-button__link\" aria-busy=\"false\" data-loading=\"Submitting, please wait...\">Submit Review<\/button>\n    <\/div>\n<\/div>\n    <\/form>\n<\/div><\/div>","protected":false},"excerpt":{"rendered":"<p>Lors de ce stage vous apprendrez : Fournitures ou demandes particuli\u00e8res Le bois, les outils ainsi que les \u00e9l\u00e9ments de protection sont fournis, hormis les<\/p>\n","protected":false},"author":1,"featured_media":0,"parent":0,"menu_order":0,"comment_status":"open","ping_status":"closed","template":"","meta":{"_glsr_average":0,"_glsr_ranking":0,"_glsr_reviews":0,"footnotes":""},"class_list":["post-33","page","type-page","status-publish","hentry"],"_links":{"self":[{"href":"https:\/\/www.lamarchedubois.fr\/index.php?rest_route=\/wp\/v2\/pages\/33","targetHints":{"allow":["GET"]}}],"collection":[{"href":"https:\/\/www.lamarchedubois.fr\/index.php?rest_route=\/wp\/v2\/pages"}],"about":[{"href":"https:\/\/www.lamarchedubois.fr\/index.php?rest_route=\/wp\/v2\/types\/page"}],"author":[{"embeddable":true,"href":"https:\/\/www.lamarchedubois.fr\/index.php?rest_route=\/wp\/v2\/users\/1"}],"replies":[{"embeddable":true,"href":"https:\/\/www.lamarchedubois.fr\/index.php?rest_route=%2Fwp%2Fv2%2Fcomments&post=33"}],"version-history":[{"count":13,"href":"https:\/\/www.lamarchedubois.fr\/index.php?rest_route=\/wp\/v2\/pages\/33\/revisions"}],"predecessor-version":[{"id":577,"href":"https:\/\/www.lamarchedubois.fr\/index.php?rest_route=\/wp\/v2\/pages\/33\/revisions\/577"}],"wp:attachment":[{"href":"https:\/\/www.lamarchedubois.fr\/index.php?rest_route=%2Fwp%2Fv2%2Fmedia&parent=33"}],"curies":[{"name":"wp","href":"https:\/\/api.w.org\/{rel}","templated":true}]}}